{"id":26,"date":"2019-02-23T07:51:22","date_gmt":"2019-02-23T06:51:22","guid":{"rendered":"https:\/\/tanja-vetter.de\/?page_id=26"},"modified":"2019-03-14T11:50:08","modified_gmt":"2019-03-14T10:50:08","slug":"liebscher-bracht","status":"publish","type":"page","link":"https:\/\/tanja-vetter.de\/?page_id=26","title":{"rendered":"Liebscher &#038; Bracht"},"content":{"rendered":"\n<figure class=\"wp-block-image\"><img decoding=\"async\" src=\"https:\/\/partner.liebscher-bracht.com\/wp-content\/uploads\/2018\/02\/lb-logo-2016-dunkel-registred.jpg\" alt=\"\"\/><\/figure>\n\n\n\n<p>Die Schmerztherapie nach Liebscher &amp; Bracht <a href=\"https:\/\/www.liebscher-bracht.com\/\">www.liebscher-bracht.com\/<\/a><br>hilft vor allem Schmerzen in den Gelenken, z.B. bei Arthrose sowie Verspannungen der Muskulatur und des Bindegewebes zu beseitigen.<\/p>\n\n\n\n<p><strong>Behandlungstermine nach Vereinbarung!<\/strong><\/p>\n\n\n\n<p style=\"font-size:14px\">Einseitige Bewegungsmuster f\u00fchren dazu, dass das Bindegewebe im Laufe des Lebens unflexibel wird. <br>Nur wenn Faszien regelm\u00e4\u00dfig gedehnt werden bleiben sie locker und flexibel.<br><br>Es handelt sich um spezielle \u00dcbungen zur gezielten Dehnung und somit Entspannung der Muskulatur. <br>Bei regelm\u00e4\u00dfigen Training k\u00f6nnen Sie damit Schmerzlinderung bzw. Schmerzfreiheit erreichen.<br>Dazu kommt ein Gewinn gr\u00f6\u00dferer Beweglichkeit.<br><br>Bei der von Liebscher &amp; Bracht angewandten manualtherapeutischen Technik, der Osteopressur, werden gezielt die Alarmschmerz-Rezeptoren in der Knochenhaut gedr\u00fcckt. Dadurch k\u00f6nnen die Hirnprogramme angesteuert und zur\u00fcckgesetzt werden, sodass sich die muskul\u00e4r-faszialen Spannungen normalisieren. <br><br>Als Folge werden auch die Gelenkfl\u00e4chen und Wirbelk\u00f6rper nicht mehr so stark aufeinandergepresst, was von den Rezeptoren in unserem K\u00f6rper wahrgenommen und an das Gehirn weitergeleitet wird. Entsprechend wird auch der Alarmschmerz eingestellt.<br><br>Essentiell f\u00fcr die dauerhafte Wirksamkeit der Liebscher &amp; Bracht-Therapie ist jedoch, dass die einseitigen schmerzausl\u00f6senden Bewegungsmuster konsequent ge\u00e4ndert werden. Ansonsten bauen sich die entsprechenden Bewegungsprogramme im Gehirn und die strukturbedrohenden muskul\u00e4r-faszialen \u00dcberspannungen bald wieder auf, sodass der Alarmschmerz erneut gesendet wird. <br><br>Weil der moderne Alltag vieler Menschen jedoch einseitige Bewegungsmuster f\u00f6rdert und eine konsequente \u00c4nderung dieser Routinen selten zul\u00e4sst, hat Liebscher &amp; Bracht verschiedene \u00dcbungen entwickelt, die den muskul\u00e4r-faszialen Verk\u00fcrzungen gezielt entgegenwirken.  <\/p>\n\n\n\n<p><\/p>\n","protected":false},"excerpt":{"rendered":"<p>Die Schmerztherapie nach Liebscher &amp; Bracht www.liebscher-bracht.com\/hilft vor allem Schmerzen in den Gelenken, z.B. bei Arthrose sowie Verspannungen der Muskulatur und des Bindegewebes zu beseitigen. Behandlungstermine nach Vereinbarung! Einseitige Bewegungsmuster f\u00fchren dazu, dass das Bindegewebe im Laufe des Lebens unflexibel wird. Nur wenn Faszien regelm\u00e4\u00dfig gedehnt werden bleiben sie locker und flexibel. Es handelt sich &hellip; <a href=\"https:\/\/tanja-vetter.de\/?page_id=26\" class=\"more-link\"><span class=\"screen-reader-text\">Liebscher &#038; Bracht<\/span> weiterlesen<\/a><\/p>\n","protected":false},"author":1,"featured_media":0,"parent":0,"menu_order":0,"comment_status":"closed","ping_status":"closed","template":"","meta":{"footnotes":""},"class_list":["post-26","page","type-page","status-publish","hentry"],"_links":{"self":[{"href":"https:\/\/tanja-vetter.de\/index.php?rest_route=\/wp\/v2\/pages\/26","targetHints":{"allow":["GET"]}}],"collection":[{"href":"https:\/\/tanja-vetter.de\/index.php?rest_route=\/wp\/v2\/pages"}],"about":[{"href":"https:\/\/tanja-vetter.de\/index.php?rest_route=\/wp\/v2\/types\/page"}],"author":[{"embeddable":true,"href":"https:\/\/tanja-vetter.de\/index.php?rest_route=\/wp\/v2\/users\/1"}],"replies":[{"embeddable":true,"href":"https:\/\/tanja-vetter.de\/index.php?rest_route=%2Fwp%2Fv2%2Fcomments&post=26"}],"version-history":[{"count":26,"href":"https:\/\/tanja-vetter.de\/index.php?rest_route=\/wp\/v2\/pages\/26\/revisions"}],"predecessor-version":[{"id":293,"href":"https:\/\/tanja-vetter.de\/index.php?rest_route=\/wp\/v2\/pages\/26\/revisions\/293"}],"wp:attachment":[{"href":"https:\/\/tanja-vetter.de\/index.php?rest_route=%2Fwp%2Fv2%2Fmedia&parent=26"}],"curies":[{"name":"wp","href":"https:\/\/api.w.org\/{rel}","templated":true}]}}