{"id":107,"date":"2019-02-24T09:52:42","date_gmt":"2019-02-24T08:52:42","guid":{"rendered":"https:\/\/tanja-vetter.de\/?page_id=107"},"modified":"2019-03-13T08:59:26","modified_gmt":"2019-03-13T07:59:26","slug":"osteoporose","status":"publish","type":"page","link":"https:\/\/tanja-vetter.de\/?page_id=107","title":{"rendered":"Osteoporose"},"content":{"rendered":"\n<p><strong>Was ist Osteoporose:<\/strong> <br>Osteoporose (Knochenschwund) ist eine chronische Erkrankung, die Knochen por\u00f6s und br\u00fcchig macht. Ursache ist ein gest\u00f6rter Knochenstoffwechsel. Unsere Knochen werden im Laufe des Lebens st\u00e4ndig auf-, um- und wieder abgebaut, um unterschiedlichen Anforderungen gerecht zu werden. Bis etwa zum 30. Lebensjahr nimmt die Knochenmasse zu, sp\u00e4testens ab dem 40. Lebensjahr \u00fcberwiegt der Knochenabbau. Bei Osteoporose verringert sich die Knochenmasse viel schneller als normal. Knochenbr\u00fcche, vor allem an Wirbels\u00e4ule und Oberschenkel, sind die schmerzhafte Folge.<\/p>\n\n\n\n<div class=\"wp-block-image\"><figure class=\"aligncenter is-resized\"><img loading=\"lazy\" decoding=\"async\" src=\"https:\/\/tanja-vetter.de\/wp-content\/uploads\/2019\/03\/2.jpg\" alt=\"\" class=\"wp-image-247\" width=\"309\" height=\"312\" srcset=\"https:\/\/tanja-vetter.de\/wp-content\/uploads\/2019\/03\/2.jpg 609w, https:\/\/tanja-vetter.de\/wp-content\/uploads\/2019\/03\/2-150x150.jpg 150w, https:\/\/tanja-vetter.de\/wp-content\/uploads\/2019\/03\/2-297x300.jpg 297w, https:\/\/tanja-vetter.de\/wp-content\/uploads\/2019\/03\/2-100x100.jpg 100w\" sizes=\"auto, (max-width: 309px) 100vw, 309px\" \/><figcaption>gesunder Knochen<\/figcaption><\/figure><\/div>\n\n\n\n<div class=\"wp-block-image\"><figure class=\"aligncenter is-resized\"><img loading=\"lazy\" decoding=\"async\" src=\"https:\/\/tanja-vetter.de\/wp-content\/uploads\/2019\/03\/1.jpg\" alt=\"\" class=\"wp-image-248\" width=\"308\" height=\"291\" srcset=\"https:\/\/tanja-vetter.de\/wp-content\/uploads\/2019\/03\/1.jpg 611w, https:\/\/tanja-vetter.de\/wp-content\/uploads\/2019\/03\/1-300x283.jpg 300w\" sizes=\"auto, (max-width: 308px) 100vw, 308px\" \/><figcaption>kranker Knochen<\/figcaption><\/figure><\/div>\n","protected":false},"excerpt":{"rendered":"<p>Was ist Osteoporose: Osteoporose (Knochenschwund) ist eine chronische Erkrankung, die Knochen por\u00f6s und br\u00fcchig macht. Ursache ist ein gest\u00f6rter Knochenstoffwechsel. Unsere Knochen werden im Laufe des Lebens st\u00e4ndig auf-, um- und wieder abgebaut, um unterschiedlichen Anforderungen gerecht zu werden. Bis etwa zum 30. Lebensjahr nimmt die Knochenmasse zu, sp\u00e4testens ab dem 40. Lebensjahr \u00fcberwiegt der &hellip; <a href=\"https:\/\/tanja-vetter.de\/?page_id=107\" class=\"more-link\"><span class=\"screen-reader-text\">Osteoporose<\/span> weiterlesen<\/a><\/p>\n","protected":false},"author":1,"featured_media":0,"parent":0,"menu_order":0,"comment_status":"closed","ping_status":"closed","template":"","meta":{"footnotes":""},"class_list":["post-107","page","type-page","status-publish","hentry"],"_links":{"self":[{"href":"https:\/\/tanja-vetter.de\/index.php?rest_route=\/wp\/v2\/pages\/107","targetHints":{"allow":["GET"]}}],"collection":[{"href":"https:\/\/tanja-vetter.de\/index.php?rest_route=\/wp\/v2\/pages"}],"about":[{"href":"https:\/\/tanja-vetter.de\/index.php?rest_route=\/wp\/v2\/types\/page"}],"author":[{"embeddable":true,"href":"https:\/\/tanja-vetter.de\/index.php?rest_route=\/wp\/v2\/users\/1"}],"replies":[{"embeddable":true,"href":"https:\/\/tanja-vetter.de\/index.php?rest_route=%2Fwp%2Fv2%2Fcomments&post=107"}],"version-history":[{"count":19,"href":"https:\/\/tanja-vetter.de\/index.php?rest_route=\/wp\/v2\/pages\/107\/revisions"}],"predecessor-version":[{"id":274,"href":"https:\/\/tanja-vetter.de\/index.php?rest_route=\/wp\/v2\/pages\/107\/revisions\/274"}],"wp:attachment":[{"href":"https:\/\/tanja-vetter.de\/index.php?rest_route=%2Fwp%2Fv2%2Fmedia&parent=107"}],"curies":[{"name":"wp","href":"https:\/\/api.w.org\/{rel}","templated":true}]}}